+ 13*j - 509*j**2 + 1533*j**2 + 23. What is i(-11)?
1
Let h(j) = -j**2 - 7*j - 2. Let a(s) = -s**2 - s - 9. Let d be a(-7). Let c = d - -44. Give h(c).
-2
Let k(m) = m - 12. Let h be 0 + (1 - 20) + -3. Let a = h - 9. Let x = a + 37. Determine k(x).
-6
Let m = -271 - -270. Let u(t) = -6*t - 3. Calculate u(m).
3
Let o(a) = a**2 + 13*a - 110. Let r be o(6). Let s(j) = j**2 - 4*j - 2. Give s(r).
-2
Let s(b) = 20*b**2 - 20*b - 8. Let j(c) = -7*c**2 + 7*c + 3. Let r(v) = 14*j(v) + 5*s(v). Suppose 0 = -5*o + 3*h - h + 15, -h = 0. Determine r(o).
14
Suppose 2*u + 0*u + s = 2, -5*s = 20. Suppose -u*y = -2*y + 4. Let j(l) = -l - 1. Give j(y).
3
Let g(y) = y**2 + 5*y - 21. Let u be g(-8). Suppose u*p = 6*p + 3*d + 21, 11 = p - 5*d. Let q(n) = -2*n - 1. Determine q(p).
7
Let b be ((-15)/(-20)*12)/((-6)/(-32)). Suppose -28 = 5*h - b. Let t(k) = k**3 - 3*k**2 - 6*k + 5. What is t(h)?
-3
Let j(v) = 10*v - 112. Let y be j(11). Let k(d) = -2*d**3 - 3*d**2 - 2*d - 1. Determine k(y).
7
Suppose 8*n = 3*n + 3*q - 5, q = -5*n - 25. Let b = 17 - 22. Let a(j) = -6*j**2 - 9*j. Let y(v) = -5*v**2 - 8*v + 1. Let p(u) = b*y(u) + 4*a(u). Determine p(n).
-5
Let t(d) = 4*d**2 + d - 1. Let j be (3/(-2))/(3/(-18)). Let b = j + -9. Suppose 2*o - 2 = -b. Determine t(o).
4
Let f be 9/6*(-30)/(-15). Let v be f/((-3)/(-12)*-4). Let w(c) = 2*c**2 - 1 - 3*c**2 + 2*c - 3*c. Calculate w(v).
-7
Suppose -r + 29 = 5. Let m = r - 24. Let f(x) = x**2 - 5. Determine f(m).
-5
Let v(z) = -7*z - 15. Let l = 163 + -165. Give v(l).
-1
Let x(o) = o**3 + 7*o**2 + 8*o + 7. Suppose -8*i + 17*i = 108. Suppose 3*a - 2*v + 18 = 0, -i = -0*a + 2*a + 2*v. Determine x(a).
-5
Let t(b) be the second derivative of b**5/20 + 2*b**4/3 - 13*b**3/6 - 13*b**2/2 + b - 13. What is t(-9)?
23
Let w(o) = -3*o**3 + 6*o**2 - 6*o - 1. Let i(k) = 2*k**3 - 7*k**2 + 7*k + 1. Let j(c) = -6*i(c) - 7*w(c). Suppose 0*r = -r - 1. Calculate j(r).
-8
Let m(b) = b**3 + 4*b**2 - b - 3. Let k(t) = -11*t - 21. Let z be k(7). Let d = 95 + z. Give m(d).
9
Let x(p) = -6*p - 1. Suppose 220 = -n + 5*n. Let q be n/10 - 2/4. Let b(g) = 4*g - 21. Let u be b(q). Determine x(u).
5
Let d be 0 + (-2)/((-4)/2). Let j(w) = -w**3 + w**2 - 1. Let z(i) = 2*i**3 + 4*i**2 + i - 6. Let o(q) = 5*j(q) - z(q). Give o(d).
-6
Let a(g) be the second derivative of g**3/3 - g. Let v(w) = w. Let k(j) = a(j) - 3*v(j). Let h be k(-3). Let x(t) = t**3 - t**2 - 3*t - 2. Give x(h).
7
Let o(x) = -9943*x + 24 + 9942*x - x**2 - x**3 + 0*x**2. Give o(0).
24
Let j(h) = -4*h + 8. Let k be (22/(-6) - -3)*369/41. Give j(k).
32
Let w(m) = m**3 - 4*m**2 - 4*m + 6. Let a = 653 + -649. What is w(a)?
-10
Let t be -4 + (-1 - -3) + 4. Let g(p) = -21*p + 2. Let q(v) = -2*v. Let y(f) = t*g(f) - 22*q(f). Determine y(-6).
-8
Let f(z) = z + 20. Suppose h + 5*m = 5*h + 20, -5*h = 3*m - 12. Give f(h).
20
Suppose 0 = -11*x + 9*x + 2*f - 20, 4*x + 40 = f. Let i(d) = -d**3 - 11*d**2 - 12*d - 15. Give i(x).
5
Let o = -8 - -16. Let z(b) = -14*b**2 + 44*b - 33. Let r(j) = 5*j**2 - 15*j + 11. Let x(h) = 11*r(h) + 4*z(h). Calculate x(o).
13
Suppose -112 = z - 5*z. Let r = -26 + z. Let p(u) = 0*u**3 + u**2 + u**3 + 2*u - 3*u**2. Calculate p(r).
4
Let p(f) = f**2 - 4*f - 3. Let l be p(4). Let q(s) = 4*s**2 - 9 - 3*s**2 - 6 + 11. Calculate q(l).
5
Let k = -10 - -5. Let x be ((-15)/(-2))/(k/(-10)). Let g(m) = -2*m**2 + m**3 + m**2 - 16*m + x*m - 3. Calculate g(0).
-3
Let w(u) = -4*u**2 + u + 2. Let x(q) = q**2 + 2*q - 10. Let j be x(3). Suppose -4 = 2*o + m, -j*o - 3*m - 10 = -2*m. Let p = -4 - o. Determine w(p).
-16
Suppose -4*j - 24 = 5*k, -5*k - 9 = 11. Suppose 7 + 8 = 3*g. Let a(l) = -5 - 1 + 2*l + g. Determine a(j).
-3
Let o(l) = -5*l**2 - 5*l + 15. Let w(s) = -2*s**2 - 2*s + 7. Let c = 7 + -4. Let h(g) = c*o(g) - 7*w(g). Calculate h(0).
-4
Let s(p) = 4*p**2 + 9*p - 3. Suppose -3*c = -4*n - 26, -5*n = -0*n + 4*c + 17. Let y(t) = 2*t**2 + 4*t - 2. Let j(d) = n*y(d) + 2*s(d). Determine j(-4).
-20
Suppose 4*c + c = 0. Suppose -3*s + 7 = 4*g - 2*s, -s - 1 = 0. Let w(z) = -z**g - 12*z + 6 + 7*z + 6*z. What is w(c)?
6
Let l(x) = -16*x - 13 + x + 14*x + 0*x. Calculate l(0).
-13
Let k(p) be the second derivative of -p**4/12 + 2*p**3/3 + p**2/2 - 39*p. Let l(i) = i + 3. Let x be l(3). What is k(x)?
-11
Let p(t) = 3 - 3*t**2 + 0*t**2 - 2 - 2*t. Suppose -5*l - z = 2*z - 25, -3*z = 2*l - 10. Suppose 6 = 2*r + 3*r - 4*h, 5*r - 10 = l*h. What is p(r)?
-7
Let a(f) = f**2 + f + 1. Suppose 0 = -5*d + 2*z - 12, 5*d + 3*z + 32 = -0*z. What is a(d)?
13
Let b(p) = -p**2 + 5. Let z(j) = j - 1. Let i be (2/7)/((-4)/(-28)). Let d be 0 - -1*i/(-1). Let s(w) = d*z(w) + b(w). Calculate s(-5).
-8
Let d(t) = -t - 3. Let s(u) = -u**2 - 11*u + 9. Let a be 3/(-6)*(-1 - -23). Let h be s(a). Suppose -4*m - h = -3*x, 3*x - 9 = -5*m - 0*m. Give d(x).
-6
Let i(v) = 26*v - 5. Let k(d) = -17*d + 3. Suppose p + 2*n - 3 = 0, -2 = -2*p + p - 3*n. Let j(u) = p*i(u) + 8*k(u). Give j(-1).
5
Let d(h) = 2*h - 6. Let z(q) = -q**2 + 9*q - 32. Let l(b) = -6*d(b) + z(b). Suppose 0 = -5*m - 15 - 0. What is l(m)?
4
Let m(u) be the third derivative of -7*u**4/24 - 4*u**3/3 + 10*u**2. Let p(t) = t + 1. Let v(y) = m(y) + 6*p(y). Give v(-4).
2
Let w(t) be the first derivative of -1/3*t**3 + 2*t - 1/2*t**2 - 14. Determine w(-3).
-4
Let d be 2 + 0/(-2 + 1). Let s(x) = x**3 - 4*x**2 + x + 2. Let b be s(d). Let g(k) be the second derivative of k**3/3 + k**2 + 180*k. Determine g(b).
-6
Let o(a) = 4*a**3 + 2*a + 2. Let q(k) = -9*k**3 - 5*k - 5. Let x(z) = 7*o(z) + 3*q(z). Let b = 3825 + -3826. Give x(b).
-1
Suppose 3*k - n + 5 = 5*k, 5*k = -n + 11. Let j(l) = -k*l + l + 0*l. Let v(m) = 10*m + 6. Let i be v(0). Determine j(i).
-6
Let b = -1333 - -1328. Let o(h) = 2*h**2 + 8*h + 11. Determine o(b).
21
Let c(a) = a - 4. Let l(j) = j + 5. Suppose -b - 3*s - 10 = 23, 111 = -3*b + 3*s. Let h be (-47)/9 + (-8)/b. Let o be l(h). Determine c(o).
-4
Let x(q) = 2*q + 49. Let w be x(-20). Suppose 16*a + 21 = w*a. Let l(n) = n - 4. Determine l(a).
-7
Suppose -40*b = -44*b + 8. Let o(a) = a**3 - 3*a**2 + 4*a - 2. Let z be o(2). Let n(p) = 0*p**3 - 8*p**b + 7*p**2 - p**3 - 8 + 2*p**z. Determine n(0).
-8
Let q(n) be the third derivative of n**6/120 + n**5/10 - n**4/24 - 7*n**3/6 + 15*n**2 - 11*n. Let l be (-2 - -1 - 5) + 0. What is q(l)?
-1
Let p = 1 + 0. Let h(o) = o**3 - 4*o**2 + 5*o - 2. Let s(m) = m**2 - m - 1. Let c(l) = p*s(l) + h(l). Calculate c(3).
9
Let q be 1/(4/2 + -1). Let d be 2/(-4)*-4*q. Suppose -d*c - 1 = 11. Let s(r) = r - 2. Calculate s(c).
-8
Suppose 5*d - 20 = 4*u, -2*d + 3*d = -u + 4. Let i(m) = 7*m - 1. Let h(k) = -k + 3*k - k + 2*k - 1. Let w(b) = -5*h(b) + 2*i(b). Determine w(d).
-1
Let x = 110 - 110. Let i be 2/(-3) + 20/3 + x. Let g(s) = -s**2 + 6*s + 8. What is g(i)?
8
Let l(b) = -2*b**2 - b + 1. Let v(i) = 19*i**2 + 5*i - 5. Let t(x) = -6*l(x) - v(x). Let p = 3 - 2. Determine t(p).
-7
Let o(v) = v**3 + 4*v**2 + 4*v + 4. Let u(x) = 4*x - 9. Let s be u(1). Give o(s).
-41
Let k(w) be the third derivative of 0*w + 5*w**2 + 1/12*w**4 + 0 + w**3. Calculate k(-6).
-6
Let t(x) be the third derivative of x**4/6 + x**3/6 + 126*x**2. Calculate t(-3).
-11
Let j be ((-6)/7)/(10/(-70)). Suppose 2*q + 16 - j = 0. Let w(d) be the first derivative of -d**4/4 - 4*d**3/3 + 3*d**2/2 - d + 1. Give w(q).
9
Let t(n) = n**2 - 3*n - 3. Suppose -13*h + 15 = -18*h, -3*p = 3*h - 3. Determine t(p).
1
Let w(x) = -x + 1 + x**2 + 5 - 5. Let o = 2 + 0. Suppose -o - 8 = -5*m. What is w(m)?
3
Suppose 0 = 7*r - 22*r + 30. Let s(f) = -3*f**2 + f. Determine s(r).
-10
Suppose -h + 0 - 4 = 0. Let s be (-9)/(-6) + (-15)/(-10). Let v(g) = 4*g**2 - 5*g**3 - 4*g**3 + 1 + 6*g**3 + 4*g**s. Give v(h).
1
Let t(h) be the third derivative of 1/2*h**3 + 0 - 1/120*h**6 - 8*h**2 + 0*h - 1/8*h**4 + 1/15*h**5. Give t(3).
3
Let y(r) = -5*r**2 + 4*r - 2. Let f(c) = -c**2 + c. Let o(w) = -11*f(w) + 2*y(w). Let q be (3 + -2)*1*3. What is o(q)?
-4
Suppose -14*g - 56 = -28*g. Let c(o) = 2*o**2 - 4*o - 2. What is c(g)?
14
Suppose -12 = -3*c - 4*i, 4*c - 2*i - 11 = 5. Let v(k) = -k + 4. Calculate v(c).
0
Let y(d) = d**2 + 19*d + 6. Let k be y(-9). Let w = -76 - k. Let t(l) be the second derivative of l**4/12 - 7*l**3/6 - 2*l**2 - l. Determine t(w).
4
Let k(i) be the third derivative of i**9/60480 - i**8